git of 31555?
5
What is the tens digit of 4476?
7
What is the ten thousands digit of 44648?
4
What is the thousands digit of 1653?
1
What is the tens digit of 30605?
0
What is the thousands digit of 8339?
8
What is the thousands digit of 10088?
0
What is the tens digit of 6566?
6
What is the units digit of 917?
7
What is the tens digit of 1351?
5
What is the tens digit of 4386?
8
What is the tens digit of 115500?
0
What is the units digit of 476?
6
What is the units digit of 554?
4
What is the hundreds digit of 10620?
6
What is the thousands digit of 1626?
1
What is the hundreds digit of 498?
4
What is the thousands digit of 1117?
1
What is the thousands digit of 36408?
6
What is the thousands digit of 1235?
1
What is the units digit of 21120?
0
What is the hundreds digit of 2219?
2
What is the thousands digit of 5299?
5
What is the units digit of 5752?
2
What is the hundreds digit of 86022?
0
What is the units digit of 130436?
6
What is the hundreds digit of 70758?
7
What is the units digit of 24249?
9
What is the ten thousands digit of 71022?
7
What is the units digit of 2670?
0
What is the tens digit of 353?
5
What is the tens digit of 918?
1
What is the units digit of 19063?
3
What is the tens digit of 796?
9
What is the units digit of 1397?
7
What is the tens digit of 5705?
0
What is the thousands digit of 1096?
1
What is the units digit of 24391?
1
What is the units digit of 64091?
1
What is the thousands digit of 10258?
0
What is the hundreds digit of 2055?
0
What is the ten thousands digit of 44695?
4
What is the tens digit of 2243?
4
What is the ten thousands digit of 29139?
2
What is the units digit of 20290?
0
What is the hundreds digit of 414?
4
What is the thousands digit of 21505?
1
What is the units digit of 2103?
3
What is the thousands digit of 8867?
8
What is the units digit of 327?
7
What is the hundreds digit of 122496?
4
What is the ten thousands digit of 71977?
7
What is the hundreds digit of 1278?
2
What is the units digit of 16785?
5
What is the tens digit of 11430?
3
What is the hundreds digit of 9679?
6
What is the tens digit of 1211?
1
What is the hundreds digit of 2049?
0
What is the hundreds digit of 43360?
3
What is the units digit of 11253?
3
What is the tens digit of 84474?
7
What is the thousands digit of 32130?
2
What is the units digit of 59?
9
What is the units digit of 468?
8
What is the units digit of 420?
0
What is the tens digit of 149711?
1
What is the hundreds digit of 958?
9
What is the thousands digit of 28251?
8
What is the tens digit of 352?
5
What is the tens digit of 484?
8
What is the units digit of 12709?
9
What is the ten thousands digit of 79310?
7
What is the hundreds digit of 574?
5
What is the hundreds digit of 9721?
7
What is the tens digit of 5599?
9
What is the hundreds digit of 29610?
6
What is the hundreds digit of 530?
5
What is the hundreds digit of 1091?
0
What is the tens digit of 46110?
1
What is the units digit of 15519?
9
What is the hundreds digit of 1874?
8
What is the tens digit of 69?
6
What is the hundreds digit of 178?
1
What is the thousands digit of 3390?
3
What is the tens digit of 687?
8
What is the tens digit of 4929?
2
What is the tens digit of 725?
2
What is the ten thousands digit of 70657?
7
What is the units digit of 2078?
8
What is the thousands digit of 84781?
4
What is the units digit of 18394?
4
What is the tens digit of 2383?
8
What is the tens digit of 790?
9
What is the tens digit of 1000?
0
What is the tens digit of 31943?
4
What is the tens digit of 1988?
8
What is the tens digit of 30403?
0
What is the thousands digit of 12015?
2
What is the hundreds digit of 674?
6
What is the units digit of 7770?
0
What is the hundreds digit of 3796?
7
What is the units digit of 80?
0
What is the thousands digit of 29150?
9
What is the hundreds digit of 809?
8
What is the tens digit of 401?
0
What is the units digit of 33673?
3
What is the ten thousands digit of 11901?
1
What is the thousands digit of 25392?
5
What is the tens digit of 6362?
6
What is the thousands digit of 9530?
9
What is the tens digit of 9227?
2
What is the units digit of 2475?
5
What is the units digit of 42520?
0
What is the thousands digit of 3129?
3
What is the units digit of 7426?
6
What is the hundreds digit of 8758?
7
What is the hundreds digit of 125161?
1
What is the thousands digit of 4406?
4
What is the hundreds digit of 4761?
7
What is the units digit of 55872?
2
What is the units digit of 10126?
6
What is the ten thousands digit of 13089?
1
What is the tens digit of 3997?
9
What is the hundreds digit of 13123?
1
What is the thousands digit of 1388?
1
What is the hundreds digit of 1913?
9
What is the units digit of 4369?
9
What is the tens digit of 351?
5
What is the units digit of 8678?
8
What is the tens digit of 35502?
0
What is the hundreds digit of 16978?
9
What is the thousands digit of 13594?
3
What is the hundreds digit of 1404?
4
What is the units digit of 119640?
0
What is the thousands digit of 9581?
9
What is the tens digit of 9192?
9
What is the hundreds digit of 711?
7
What is the tens digit of 1867?
6
What is the tens digit of 3362?
6
What is the tens digit of 101?
0
What is the hundreds digit of 256?
2
What is the tens digit of 2319?
1
What is the thousands digit of 3437?
3
What is the units digit of 31636?
6
What is the ten thousands digit of 13153?
1
What is the units digit of 17740?
0
What is the units digit of 6289?
9
What is the hundreds digit of 182?
1
What is the thousands digit of 3949?
3
What is the tens digit of 1475?
7
What is the ten thousands digit of 49701?
4
What is the tens digit of 59507?
0
What is the units digit of 479?
9
What is the units digit of 19472?
2
What is the tens digit of 6257?
5
What is the units digit of 1422?
2
What is the units digit of 2541?
1
What is the tens digit of 3765?
6
What is the tens digit of 393?
9
What is the tens digit of 74766?
6
What is the units digit of 167579?
9
What is the ten thousands digit of 89303?
8
What is the thousands digit of 1609?
1
What is the tens digit of 490?
9
What is the units digit of 1978?
8
What is the ten thousands digit of 13899?
1
What is the units digit of 1193?
3
What is the hundreds digit of 46407?
4
What is the units digit of 1363?
3
What is the tens digit of 6377?
7
What is the tens digit of 11112?
1
What is the units digit of 1802?
2
What is the tens digit of 2232?
3
What is the thousands digit of 2570?
2
What is the hundreds digit of 68778?
7
What is the ten thousands digit of 25913?
2
What is the tens digit of 6883?
8
What is the tens digit of 42?
4
What is the ten thousands digit of 13080?
1
What is the units digit of 8283?
3
What is the units digit of 16580?
0
What is the hundreds digit of 37738?
7
What is the hundreds digit of 10325?
3
What is the tens digit of 4131?
3
What is the thousands digit of 2868?
2
What is the tens digit of 4592?
9
What is the ten thousands digit of 14706?
1
What is the thousands digit of 1976?
1
What is the hundreds digit of 3746?
7
What is the tens digit of 12071?
7
What is the tens digit of 1344?
4
What is the hundreds digit of 88504?
5
What is the hundreds digit of 58470?
4
What is the units digit of 744?
4
What is the hundreds digit of 471?
4
What is the tens digit of 1306?
0
What is the hundreds digit of 4471?
4
What is the hundreds digit of 2279?
2
What is the hundreds digit of 571?
5
What is the tens digit of 1638?
3
What is the ten thousands digit of 14940?
1
What is the thousands digit of 36934?
6
What is the hundreds digit of 557?
5
What is the tens digit of 9519?
1
What is the units digit of 1802?
2
What is the units digit of 892?
2
What is the thousands digit of 27508?
7
What is the thousands digit of 2769?
2
What is the hundreds digit of 2940?
9
What is the hundreds digit of 7301?
3
What is the tens digit of 13188?
8
What is the tens digit of 4141?
4
What is the tens digit of 59192?
9
What is the hundreds digit of 12404?
4
What is the hundreds digit of 1109?
1
What is the ten thousands digit of 53891?
5
What is the units digit of 38097?
7
What is the tens digit of 2385?
8
What is the thousands digit of 3233?
3
What is the tens digit of 1277?
7
What is the tens digit of 7196?
9
What is the hundreds digit of 1974?
9
What is the hundreds digit